the prime factors of 286834162?
2, 269, 533149
What are the prime factors of 1737928240?
2, 5, 29, 107, 7001
What are the prime factors of 2489845441?
1609, 1547449
List the prime factors of 1591388284.
2, 397847071
List the prime factors of 2477556674.
2, 59, 20996243
List the prime factors of 42098749.
7, 11, 17, 29, 1109
What are the prime factors of 1317248053?
11, 1019, 117517
What are the prime factors of 6344586471?
3, 2114862157
What are the prime factors of 2155364890?
2, 5, 7, 17, 106543
What are the prime factors of 2483061045?
3, 5, 331, 500113
List the prime factors of 643781842.
2, 11, 47, 622613
What are the prime factors of 151769581?
53, 2863577
What are the prime factors of 150038936?
2, 23, 109, 7481
What are the prime factors of 65176905?
3, 5, 4345127
List the prime factors of 912101894.
2, 11, 41459177
List the prime factors of 48068321.
7, 23, 31, 9631
List the prime factors of 208300837.
409, 509293
What are the prime factors of 2048945711?
2048945711
List the prime factors of 718254282.
2, 3, 47, 199, 12799
What are the prime factors of 121301766?
2, 3, 17, 132137
What are the prime factors of 236923433?
1109, 213637
What are the prime factors of 546193449?
3, 6743129
What are the prime factors of 1110500191?
23, 193, 250169
What are the prime factors of 5888176251?
3, 809, 2426113
List the prime factors of 102200081.
102200081
What are the prime factors of 143327632?
2, 7, 31, 41281
List the prime factors of 3480153830.
2, 5, 43, 1619, 4999
List the prime factors of 641247754.
2, 7, 59, 67, 11587
What are the prime factors of 32221699?
457, 70507
List the prime factors of 97080849.
3, 571, 2099
What are the prime factors of 48079767?
3, 29, 149, 3709
What are the prime factors of 120870168?
2, 3, 137, 36761
What are the prime factors of 249930266?
2, 631, 198043
List the prime factors of 169946210.
2, 5, 7, 49547
List the prime factors of 1227944405.
5, 109, 241, 9349
List the prime factors of 48299495.
5, 61, 158359
What are the prime factors of 492798422?
2, 246399211
List the prime factors of 3157339188.
2, 3, 2017, 130447
What are the prime factors of 3152882098?
2, 1576441049
List the prime factors of 11193235.
5, 2238647
List the prime factors of 2126246576.
2, 17, 137, 57059
What are the prime factors of 364216814?
2, 13, 19, 737281
What are the prime factors of 6103267730?
2, 5, 7, 131, 665569
List the prime factors of 86611619.
86611619
What are the prime factors of 40995066?
2, 3, 7, 139439
What are the prime factors of 748549971?
3, 13, 61, 34961
What are the prime factors of 188961827?
188961827
List the prime factors of 1307687758.
2, 13, 127, 396029
List the prime factors of 396492412.
2, 1787, 55469
List the prime factors of 737597646.
2, 3, 89, 313, 1471
List the prime factors of 6249291144.
2, 3, 73, 419, 8513
What are the prime factors of 551298563?
167, 503, 6563
What are the prime factors of 1497358?
2, 107, 6997
List the prime factors of 3992390267.
3992390267
List the prime factors of 64825290.
2, 3, 5, 720281
What are the prime factors of 124055807?
19, 113, 57781
List the prime factors of 19954959.
3, 19, 350087
List the prime factors of 39843730.
2, 5, 317, 12569
What are the prime factors of 1729762047?
3, 13, 1642699
List the prime factors of 1537314763.
2767, 555589
What are the prime factors of 49268162?
2, 23, 1071047
What are the prime factors of 500373185?
5, 13, 7698049
List the prime factors of 650584373.
17, 132421
What are the prime factors of 918997759?
31, 719, 41231
What are the prime factors of 1551789241?
191, 8124551
List the prime factors of 227157308.
2, 7, 109, 263, 283
List the prime factors of 1981825830.
2, 3, 5, 17, 67, 19333
List the prime factors of 1278723944.
2, 67, 2385679
What are the prime factors of 2706133958?
2, 11, 3181, 38669
List the prime factors of 12363039.
3, 13, 105667
What are the prime factors of 49148821?
199, 246979
List the prime factors of 840564806.
2, 6581, 63863
List the prime factors of 458666499.
3, 2389, 63997
What are the prime factors of 1328771234?
2, 7, 211, 449821
List the prime factors of 1025316182.
2, 11, 61, 764021
List the prime factors of 951759889.
951759889
List the prime factors of 143781082.
2, 199, 241, 1499
List the prime factors of 346799072.
2, 10837471
List the prime factors of 117184730.
2, 5, 13, 97, 9293
What are the prime factors of 1076594435?
5, 7, 19, 231277
List the prime factors of 34256477.
34256477
List the prime factors of 102596242.
2, 7, 7328303
List the prime factors of 50073883.
50073883
List the prime factors of 370912693.
409, 491, 1847
List the prime factors of 1585159213.
11, 997, 144539
List the prime factors of 2258375623.
7, 37, 89, 97973
List the prime factors of 293363829.
3, 11, 383, 2579
What are the prime factors of 301090424?
2, 23, 103, 15887
What are the prime factors of 115521793?
937, 123289
What are the prime factors of 1045621932?
2, 3, 87135161
List the prime factors of 103872287.
29, 3581803
List the prime factors of 14116129.
31, 37, 397
What are the prime factors of 1979645337?
3, 31, 7095503
What are the prime factors of 2081825041?
19, 109569739
List the prime factors of 1127849483.
223, 5057621
List the prime factors of 344010319.
79, 4354561
What are the prime factors of 1805578858?
2, 43, 2239, 9377
List the prime factors of 626955803.
223, 1301, 2161
List the prime factors of 16299521.
7, 31, 2423
List the prime factors of 179428298.
2, 7, 1830901
List the prime factors of 31188182.
2, 15594091
What are the prime factors of 581607252?
2, 3, 19, 850303
What are the prime factors of 8955379?
17, 709, 743
What are the prime factors of 999966357?
3, 13, 67, 101, 421
What are the prime factors of 1042348196?
2, 83, 463, 6781
List the prime factors of 74820888.
2, 3, 346393
What are the prime factors of 2630543971?
11, 23, 37, 151, 1861
What are the prime factors of 320785775?
5, 103, 124577
List the prime factors of 118844989.
109, 199, 5479
What are the prime factors of 87110370?
2, 3, 5, 322631
What are the prime factors of 116688930?
2, 3, 5, 3889631
What are the prime factors of 381451831?
17, 71, 316033
List the prime factors of 1802251620.
2, 3, 5, 13, 85577
What are the prime factors of 65116464?
2, 3, 7, 193799
List the prime factors of 81883855.
5, 16376771
What are the prime factors of 72908028?
2, 3, 199, 10177
What are the prime factors of 51445572?
2, 3, 23, 186397
List the prime factors of 88169079.
3, 29389693
What are the prime factors of 5414643484?
2, 19, 3863, 18443
List the prime factors of 13652177.
7, 11, 177301
List the prime factors of 82063496.
2, 10257937
What are the prime factors of 102933837?
3, 1249, 9157
What are the prime factors of 1460841081?
3, 7, 69563861
List the prime factors of 118449950.
2, 5, 37, 43, 1489
What are the prime factors of 229140030?
2, 3, 5, 7, 23, 47441
List the prime factors of 610878162.
2, 3, 73, 1394699
What are the prime factors of 78200483?
23, 147827
List the prime factors of 8785649538.
2, 3, 17, 443, 64811
What are the prime factors of 1739519?
127, 13697
What are the prime factors of 1081550261?
11, 73, 853, 1579
List the prime factors of 72104685.
3, 5, 89, 54011
List the prime factors of 47907011.
2131, 22481
What are the prime factors of 3651930346?
2, 1109, 1646497
List the prime factors of 138496652.
2, 7, 1493, 3313
List the prime factors of 512341351.
139, 997, 3697
List the prime factors of 2358884142.
2, 3, 67, 1955957
List the prime factors of 145871615.
5, 2791, 10453
List the prime factors of 5888301.
3, 47, 41761
What are the prime factors of 1204758216?
2, 3, 23, 79, 9209
What are the prime factors of 77704315?
5, 13, 127, 9413
What are the prime factors of 94039397?
94039397
What are the prime factors of 3497273939?
137, 25527547
What are the prime factors of 154448839?
683, 226133
What are the prime factors of 1040744329?
199, 5229871
List the prime factors of 68334758.
2, 257, 132947
What are the prime factors of 6502387?
211, 30817
What are the prime factors of 1005407585?
5, 7, 13, 2209687
List the prime factors of 17989560.
2, 3, 5, 16657
What are the prime factors of 5869009?
101, 58109
What are the prime factors of 239488955?
5, 2153, 22247
What are the prime factors of 396354483?
3, 7, 8987